k(-2)?
2
Let c(h) = 363*h**2 + 11*h - 5. What is the hundreds digit of c(2)?
4
Let l(q) = -4*q + 20. Let x be l(4). Suppose 272 = x*d - 320. What is the units digit of d?
8
Let u = 92 + -100. Let a(l) = 4*l - 2*l - 4*l + 3. What is the tens digit of a(u)?
1
Let r(n) = -1. Let x(u) = 10*u - 3. Let b(s) = 6*r(s) - x(s). What is the units digit of b(-20)?
7
What is the units digit of 436 + (-5 - (1 + 0))?
0
Suppose 816 = -16*u + 20*u. Let p = 301 - u. What is the units digit of p?
7
Suppose 2*p = -351 + 2079. Suppose -4*m + 664 = 4*x - 20, 5*x - 4*m - p = 0. What is the units digit of x?
2
Let g(q) = 19*q**2 + 122*q - 6. What is the tens digit of g(-9)?
3
Let p be 3 + (-1 - (-2 + 4 + -4)). Let d(q) = q**2 + 6*q - 24. What is the tens digit of d(p)?
1
Suppose 3*m - 1089 = 4*s - 6*s, 4*m = 5*s - 2688. What is the units digit of s?
0
Let c(s) = -8 - 3 + 2*s + 0 - 10. Let y be c(10). Let q = y - -13. What is the tens digit of q?
1
Suppose 0 = -7*t + 15*t - 3952. Suppose 3*z - 94 - t = 0. What is the units digit of z?
6
Suppose d - 36 = 4*d. Let j(w) = -9 + 3*w + 21 + 0*w - 4*w. What is the tens digit of j(d)?
2
Let f(l) = -l**3 + 11*l**2 + l + 4. Let r be f(9). Let t = -107 + r. What is the units digit of t?
8
Let n = -1915 - -2725. Suppose n + 735 = 5*z. What is the tens digit of z?
0
Suppose 3*v - 4*n + 7 = 0, 4*v - 9 + 40 = n. Let i be (-6)/(3 + v/4). Let g = 33 + i. What is the tens digit of g?
2
Let r = -256 + 166. Let m(u) = u**2 + 27*u + 55. Let n be m(-25). What is the units digit of 2/n - 5814/r?
5
Let z = 6 + -11. What is the tens digit of 12/(-60) - 166/z?
3
Suppose 3*t - 61 = -5*d + 219, 3*d = -3*t + 288. What is the hundreds digit of t?
1
Let h be (4/(-6))/((-22)/121)*42. What is the units digit of 72/(-84)*h/(-2)?
6
Let u(d) = -2*d**2 - 4*d - 4. Let w be u(-3). Let o = -10 - w. Suppose -m = 3*h + 2*m, -2*h - m + 2 = o. What is the units digit of h?
2
Suppose 2*h + 38 = -5*i - h, -i - 4*h - 11 = 0. Let a(d) be the first derivative of -d**4/4 - 7*d**3/3 - 3*d**2/2 + 8*d + 3. What is the tens digit of a(i)?
2
Let s = 0 + 0. Let w(x) = -x - 2. Let m(g) = 3*g - 31. Let h(r) = -m(r) - 4*w(r). What is the tens digit of h(s)?
3
What is the units digit of 1247/3 + 54/162?
6
Let r(p) = 3*p + 89. What is the units digit of r(-29)?
2
Let y(f) = 2*f + 7*f**2 + 0*f + 39 - 40. Let w(i) = i**2 - 2*i + 1. Let q be w(2). What is the units digit of y(q)?
8
Let w be (-12)/(-3 + 0) - -203. Suppose -l + 223 = y, y - 3*l - w = -0*y. What is the hundreds digit of y?
2
Let s = -9 + 18. Suppose -2*a - 1 = -s. Let b(k) = -k**3 + 6*k**2 - 3. What is the tens digit of b(a)?
2
Suppose 2*n - 2*k - 2232 = 0, 13 - 1 = 3*k. Suppose -32 - n = -9*g. What is the tens digit of g?
2
Suppose -15*s - 8636 = -33566. What is the hundreds digit of s?
6
Let i = 275 + 106. What is the tens digit of i?
8
Let y(p) = 4*p - 27. Let b be y(8). Let a = -2 + 6. Suppose b*h + 10 = 0, -16 = -a*l + h + 50. What is the units digit of l?
6
Let h = 914 + -542. What is the tens digit of h?
7
What is the thousands digit of 3/6*5116/2?
1
Let q(g) = g + 21. Let j be q(-8). Let p = j - 10. Suppose 0 = a + 2*s - p*s - 52, -3*a = 3*s - 168. What is the tens digit of a?
5
Let i be 12/((8/(-3))/4). What is the hundreds digit of (3/i - 0) + 631/6?
1
Let w(l) be the first derivative of l**3/3 + 2*l - 2. Let d be w(0). What is the tens digit of (-1250)/(-22) + d/11?
5
Let a = 35 + -78. Let w be (-13 - -16)/((-3)/a). Suppose -2*v - v + 6 = 0, -v = -5*t + w. What is the units digit of t?
9
What is the tens digit of (-3 + 1197/2)*(-8)/(-12)?
9
Let s(o) = 3*o**3 - 3*o**2 - 4*o - 4. Let d = 76 + -72. What is the units digit of s(d)?
4
Let v be 8/40 - (-8)/10. Let w(g) = 32*g**3. What is the units digit of w(v)?
2
Suppose -4*g = -0*b - 3*b - 16, 4*b = 0. Suppose -2*j - g*h + 10 = 0, -3*j + 2*h = 3*h - 10. What is the units digit of -14 + 12 + 7*j?
9
Let u(o) = 3*o - 4. Let x(c) be the first derivative of -5*c**2/2 + 7*c + 13. Let q(i) = -7*u(i) - 4*x(i). What is the units digit of q(-4)?
4
Let v(w) = w**3 - 9*w**2 + 12*w - 31. Let y be v(8). Let f(t) = 25*t**3 + 3*t**2 - 4*t + 2. What is the tens digit of f(y)?
2
Suppose 0 = -645*f + 633*f + 23844. What is the tens digit of f?
8
Let l = 0 - -4. Let w be (-3 + 6)*69/9. Suppose -26 = -c + l*i, c - w = i + 2*i. What is the tens digit of c?
1
What is the units digit of (-13669)/(-5) - 44/(-220)?
4
Let t be -3 + 0 + -4 + 4. Let y = t + 47. What is the tens digit of y?
4
Let p(f) = f**3 - 10*f**2 - 5*f - 12. Let v be p(11). Let k be v/7 - 14/(-49). Suppose 13*w - k = 12*w. What is the units digit of w?
8
Let j be (-5)/20*4/(-1). What is the tens digit of (j - 1/3)*666/37?
1
Let q be (-34 - 0)*(2 + -3). Let j = 20 + q. What is the tens digit of j?
5
Suppose -5*m - 14 = -29. Suppose 2*c - 166 = -2*r - m*r, 0 = -3*r + 5*c + 81. What is the units digit of r?
2
Suppose 0 = -2*h + 4*o - 2, -7 - 5 = -4*o. Suppose -4*j = h*v - 334, 222 = 3*v - 3*j - 0*j. What is the tens digit of v?
7
Let q be (-1 + 1)/((-8)/12*3). Suppose q = 3*d - 354 + 12. What is the hundreds digit of d?
1
What is the units digit of 21/(-210) - (-1 + (-14311)/10)?
2
Let z = 39 - 72. Let c = z - -265. Suppose 4*v - 4*j + 16 = 248, -c = -4*v - 2*j. What is the tens digit of v?
5
Let a(m) = 15*m**3 - m**2 - 6*m + 36. What is the hundreds digit of a(6)?
2
Let z(x) = 2*x**2 - 5*x. Suppose -f = 3*i - 17, -f - 4*i + 16 = -0*f. Suppose f = 5*w - w. What is the tens digit of z(w)?
2
Suppose 4*w - 6 = w. Suppose 2*p = -w*i + i + 76, i + 4*p = 78. What is the units digit of i?
4
Suppose 0 = 5*d - 22 + 67. Let z = d + 12. Suppose -4*g - z*y + 34 = -5*y, 4*y + 18 = 3*g. What is the units digit of g?
0
Let q(x) = 14*x**2 - 17*x - 76. What is the hundreds digit of q(-8)?
9
Let k = -14 + 17. Suppose -k*u = -u. Suppose u = 3*n - n - 16. What is the units digit of n?
8
Suppose -n + 1810 + 1610 = 0. What is the tens digit of n?
2
Let p(b) = -3*b**2 + 5*b + 2. Let r be p(6). Let m = r + 116. What is the units digit of m?
0
Suppose 0 = 4*j - v + 413 - 1054, 3*v + 643 = 4*j. What is the tens digit of (j + -4 - -4) + 0 + 3?
6
Let u(z) = 3*z**2 - 47*z + 8. What is the hundreds digit of u(23)?
5
Suppose h = 4*b - 26 - 1, 5*h - 3 = -3*b. What is the tens digit of (10/b*3 - -2)*25?
7
Let s(q) = q**3 - q**2 - 4*q + 3. Let u(c) = c**2 + 2*c - 3. Let p be u(2). What is the tens digit of s(p)?
8
Suppose 3*y + 3 = 6*y. Let n(j) = 6*j - y + 2*j + 6*j. What is the units digit of n(3)?
1
Let v(p) = 75*p**2 - 7*p - 3. What is the thousands digit of v(4)?
1
Let j(x) = 4*x - 12. Suppose 0 = -3*b - 2*m - 26, 5*m - 2 = 4*b + 2. Let d be j(b). Let p = d + 54. What is the tens digit of p?
1
What is the hundreds digit of (8/112*14)/((-2)/(-1426))?
7
Suppose 7*h - 4 = 5*h. What is the units digit of 15/h*(-2)/(-3)?
5
Let q be 10*4*(-1)/(-8). Suppose -6*i + 3*p = -2*i - 245, -5*p - 310 = -q*i. What is the tens digit of i?
5
Suppose 4*l = 2*w - 475 + 129, -5*l = 5*w - 895. What is the hundreds digit of w?
1
Let x(v) = 30*v**3 - 15*v**2 - 4*v + 24. What is the units digit of x(4)?
8
Let y(f) = 4*f**2 - 2*f + 8. Let s be y(7). Let g = -99 + s. What is the units digit of g?
1
Suppose -11*z - 8 = -15*z - 4*r, -4 = -2*z - r. Suppose 0 = -3*j + 2*u + 8 - 1, u = -2. What is the tens digit of 403/26 - j/z?
1
Let m be (2/(-2) - 1) + 183 + -4. What is the tens digit of ((-4)/(-6))/(((-4)/m)/(-2))?
5
Let k be ((-2752)/(-96))/(4/6). Suppose 7*c = 3*c + 44. Let d = c + k. What is the units digit of d?
4
Let p = 103 - -1257. What is the units digit of p?
0
Suppose 4*y + y = 580. Let s be y/(-5) + (-16)/(-80). Let n = s + 87. What is the units digit of n?
4
Let y = 16560 - 11359. What is the units digit of y?
1
Let b(x) = -3*x**2 - x + 2. Let p be b(0). Suppose 0 = 2*j + a - 483, -p*j + 563 = 3*a + 78. What is the tens digit of j?
4
Let u = -23 - -25. What is the units digit of u + (-171)/(-2) - 8/16?
7
Let n(v) = -8*v - 10 - 4*v + 0. What is the units digit of n(-8)?
6
Suppose 13 + 1 = 2*g + n, 4*n = -g. Let v = g + -7. Suppose -h = -8 + v. What is the units digit of h?
7
Suppose 5*v - 36 = -4*z + 1458, 2 = v. What is the units digit of z?
1
Let g be 0*(5/(-10))/1. Suppose g = -12*o + 15*o - 870. What is the hundreds digit of o?
2
Suppose 5*o - 5 = 0, -5*q + 